{"id":1899,"date":"2024-11-28T05:30:57","date_gmt":"2024-11-28T04:30:57","guid":{"rendered":"http:\/\/y.pixelkoenige.de\/?post_type=testimonial&#038;p=1899"},"modified":"2024-11-28T16:49:54","modified_gmt":"2024-11-28T15:49:54","slug":"mag-thomas-wernbacher","status":"publish","type":"testimonial","link":"https:\/\/yverkehrsplanung.de\/en\/testimonial\/mag-thomas-wernbacher\/","title":{"rendered":"Mag. Thomas Wernbacher"},"content":{"rendered":"<p><span data-olk-copy-source=\"MessageBody\">\u201eDurch die exzellent von yverkehrplanung realisierte Mobilit\u00e4tserhebung konnten wir vertiefte Eindr\u00fccke zum Mobilit\u00e4tsverhalten von Studierenden, Mitarbeitenden und extern Vortragenden gewinnen. Die ma\u00dfgeschneiderten Ma\u00dfnahmen helfen uns, auch zuk\u00fcnftig eine Vorreiterrolle im Klima- und Umweltschutz einzunehmen.\u201c<br \/>\n<\/span><\/p>\n","protected":false},"featured_media":0,"template":"","meta":{"_acf_changed":false},"class_list":["post-1899","testimonial","type-testimonial","status-publish","hentry","no-post-thumbnail"],"acf":[],"yoast_head":"<!-- This site is optimized with the Yoast SEO plugin v27.2 - https:\/\/yoast.com\/product\/yoast-seo-wordpress\/ -->\n<title>Mag. Thomas Wernbacher | yverkehrsplanung<\/title>\n<meta name=\"description\" content=\"Durch die Mobilit\u00e4tserhebung konnten wir vertiefte Eindr\u00fccke zum Mobilit\u00e4tsverhalten von Studierenden, Mitarbeitenden und extern Vortragenden gewinnen.\" \/>\n<meta name=\"robots\" content=\"index, follow, max-snippet:-1, max-image-preview:large, max-video-preview:-1\" \/>\n<link rel=\"canonical\" href=\"https:\/\/yverkehrsplanung.de\/en\/testimonial\/mag-thomas-wernbacher\/\" \/>\n<meta property=\"og:locale\" content=\"en_US\" \/>\n<meta property=\"og:type\" content=\"article\" \/>\n<meta property=\"og:title\" content=\"Mag. Thomas Wernbacher | yverkehrsplanung\" \/>\n<meta property=\"og:description\" content=\"Durch die Mobilit\u00e4tserhebung konnten wir vertiefte Eindr\u00fccke zum Mobilit\u00e4tsverhalten von Studierenden, Mitarbeitenden und extern Vortragenden gewinnen.\" \/>\n<meta property=\"og:url\" content=\"https:\/\/yverkehrsplanung.de\/en\/testimonial\/mag-thomas-wernbacher\/\" \/>\n<meta property=\"og:site_name\" content=\"yverkehrsplanung\" \/>\n<meta property=\"article:modified_time\" content=\"2024-11-28T15:49:54+00:00\" \/>\n<meta property=\"og:image\" content=\"https:\/\/yverkehrsplanung.de\/wp-content\/uploads\/2024\/10\/favicon.png\" \/>\n\t<meta property=\"og:image:width\" content=\"512\" \/>\n\t<meta property=\"og:image:height\" content=\"512\" \/>\n\t<meta property=\"og:image:type\" content=\"image\/png\" \/>\n<meta name=\"twitter:card\" content=\"summary_large_image\" \/>\n<meta name=\"twitter:label1\" content=\"Est. reading time\" \/>\n\t<meta name=\"twitter:data1\" content=\"1 minute\" \/>\n<script type=\"application\/ld+json\" class=\"yoast-schema-graph\">{\"@context\":\"https:\/\/schema.org\",\"@graph\":[{\"@type\":\"WebPage\",\"@id\":\"https:\/\/yverkehrsplanung.de\/en\/testimonial\/mag-thomas-wernbacher\/\",\"url\":\"https:\/\/yverkehrsplanung.de\/en\/testimonial\/mag-thomas-wernbacher\/\",\"name\":\"Mag. Thomas Wernbacher | yverkehrsplanung\",\"isPartOf\":{\"@id\":\"https:\/\/yverkehrsplanung.de\/en\/#website\"},\"datePublished\":\"2024-11-28T04:30:57+00:00\",\"dateModified\":\"2024-11-28T15:49:54+00:00\",\"description\":\"Durch die Mobilit\u00e4tserhebung konnten wir vertiefte Eindr\u00fccke zum Mobilit\u00e4tsverhalten von Studierenden, Mitarbeitenden und extern Vortragenden gewinnen.\",\"breadcrumb\":{\"@id\":\"https:\/\/yverkehrsplanung.de\/en\/testimonial\/mag-thomas-wernbacher\/#breadcrumb\"},\"inLanguage\":\"en-US\",\"potentialAction\":[{\"@type\":\"ReadAction\",\"target\":[\"https:\/\/yverkehrsplanung.de\/en\/testimonial\/mag-thomas-wernbacher\/\"]}]},{\"@type\":\"BreadcrumbList\",\"@id\":\"https:\/\/yverkehrsplanung.de\/en\/testimonial\/mag-thomas-wernbacher\/#breadcrumb\",\"itemListElement\":[{\"@type\":\"ListItem\",\"position\":1,\"name\":\"Startseite\",\"item\":\"https:\/\/yverkehrsplanung.de\/en\/startseite-2\/\"},{\"@type\":\"ListItem\",\"position\":2,\"name\":\"Mag. Thomas Wernbacher\"}]},{\"@type\":\"WebSite\",\"@id\":\"https:\/\/yverkehrsplanung.de\/en\/#website\",\"url\":\"https:\/\/yverkehrsplanung.de\/en\/\",\"name\":\"yverkehrsplanung\",\"description\":\"\",\"potentialAction\":[{\"@type\":\"SearchAction\",\"target\":{\"@type\":\"EntryPoint\",\"urlTemplate\":\"https:\/\/yverkehrsplanung.de\/en\/?s={search_term_string}\"},\"query-input\":{\"@type\":\"PropertyValueSpecification\",\"valueRequired\":true,\"valueName\":\"search_term_string\"}}],\"inLanguage\":\"en-US\"}]}<\/script>\n<!-- \/ Yoast SEO plugin. -->","yoast_head_json":{"title":"Mag. Thomas Wernbacher | yverkehrsplanung","description":"Durch die Mobilit\u00e4tserhebung konnten wir vertiefte Eindr\u00fccke zum Mobilit\u00e4tsverhalten von Studierenden, Mitarbeitenden und extern Vortragenden gewinnen.","robots":{"index":"index","follow":"follow","max-snippet":"max-snippet:-1","max-image-preview":"max-image-preview:large","max-video-preview":"max-video-preview:-1"},"canonical":"https:\/\/yverkehrsplanung.de\/en\/testimonial\/mag-thomas-wernbacher\/","og_locale":"en_US","og_type":"article","og_title":"Mag. Thomas Wernbacher | yverkehrsplanung","og_description":"Durch die Mobilit\u00e4tserhebung konnten wir vertiefte Eindr\u00fccke zum Mobilit\u00e4tsverhalten von Studierenden, Mitarbeitenden und extern Vortragenden gewinnen.","og_url":"https:\/\/yverkehrsplanung.de\/en\/testimonial\/mag-thomas-wernbacher\/","og_site_name":"yverkehrsplanung","article_modified_time":"2024-11-28T15:49:54+00:00","og_image":[{"width":512,"height":512,"url":"https:\/\/yverkehrsplanung.de\/wp-content\/uploads\/2024\/10\/favicon.png","type":"image\/png"}],"twitter_card":"summary_large_image","twitter_misc":{"Est. reading time":"1 minute"},"schema":{"@context":"https:\/\/schema.org","@graph":[{"@type":"WebPage","@id":"https:\/\/yverkehrsplanung.de\/en\/testimonial\/mag-thomas-wernbacher\/","url":"https:\/\/yverkehrsplanung.de\/en\/testimonial\/mag-thomas-wernbacher\/","name":"Mag. Thomas Wernbacher | yverkehrsplanung","isPartOf":{"@id":"https:\/\/yverkehrsplanung.de\/en\/#website"},"datePublished":"2024-11-28T04:30:57+00:00","dateModified":"2024-11-28T15:49:54+00:00","description":"Durch die Mobilit\u00e4tserhebung konnten wir vertiefte Eindr\u00fccke zum Mobilit\u00e4tsverhalten von Studierenden, Mitarbeitenden und extern Vortragenden gewinnen.","breadcrumb":{"@id":"https:\/\/yverkehrsplanung.de\/en\/testimonial\/mag-thomas-wernbacher\/#breadcrumb"},"inLanguage":"en-US","potentialAction":[{"@type":"ReadAction","target":["https:\/\/yverkehrsplanung.de\/en\/testimonial\/mag-thomas-wernbacher\/"]}]},{"@type":"BreadcrumbList","@id":"https:\/\/yverkehrsplanung.de\/en\/testimonial\/mag-thomas-wernbacher\/#breadcrumb","itemListElement":[{"@type":"ListItem","position":1,"name":"Startseite","item":"https:\/\/yverkehrsplanung.de\/en\/startseite-2\/"},{"@type":"ListItem","position":2,"name":"Mag. Thomas Wernbacher"}]},{"@type":"WebSite","@id":"https:\/\/yverkehrsplanung.de\/en\/#website","url":"https:\/\/yverkehrsplanung.de\/en\/","name":"yverkehrsplanung","description":"","potentialAction":[{"@type":"SearchAction","target":{"@type":"EntryPoint","urlTemplate":"https:\/\/yverkehrsplanung.de\/en\/?s={search_term_string}"},"query-input":{"@type":"PropertyValueSpecification","valueRequired":true,"valueName":"search_term_string"}}],"inLanguage":"en-US"}]}},"_links":{"self":[{"href":"https:\/\/yverkehrsplanung.de\/en\/wp-json\/wp\/v2\/testimonial\/1899","targetHints":{"allow":["GET"]}}],"collection":[{"href":"https:\/\/yverkehrsplanung.de\/en\/wp-json\/wp\/v2\/testimonial"}],"about":[{"href":"https:\/\/yverkehrsplanung.de\/en\/wp-json\/wp\/v2\/types\/testimonial"}],"wp:attachment":[{"href":"https:\/\/yverkehrsplanung.de\/en\/wp-json\/wp\/v2\/media?parent=1899"}],"curies":[{"name":"wp","href":"https:\/\/api.w.org\/{rel}","templated":true}]}}

<p><span data-olk-copy-source="MessageBody">„Durch die exzellent von yverkehrplanung realisierte Mobilitätserhebung konnten wir vertiefte Eindrücke zum Mobilitätsverhalten von Studierenden, Mitarbeitenden und extern Vortragenden gewinnen. Die maßgeschneiderten Maßnahmen helfen uns, auch zukünftig eine Vorreiterrolle im Klima- und Umweltschutz einzunehmen.“<br />
</span></p>

<!-- This site is optimized with the Yoast SEO plugin v27.2 - https://yoast.com/product/yoast-seo-wordpress/ -->
<title>Mag. Thomas Wernbacher | yverkehrsplanung</title>
<meta name="description" content="Durch die Mobilitätserhebung konnten wir vertiefte Eindrücke zum Mobilitätsverhalten von Studierenden, Mitarbeitenden und extern Vortragenden gewinnen." />
<meta name="robots" content="index, follow, max-snippet:-1, max-image-preview:large, max-video-preview:-1" />
<link rel="canonical" href="https://yverkehrsplanung.de/en/testimonial/mag-thomas-wernbacher/" />
<meta property="og:locale" content="en_US" />
<meta property="og:type" content="article" />
<meta property="og:title" content="Mag. Thomas Wernbacher | yverkehrsplanung" />
<meta property="og:description" content="Durch die Mobilitätserhebung konnten wir vertiefte Eindrücke zum Mobilitätsverhalten von Studierenden, Mitarbeitenden und extern Vortragenden gewinnen." />
<meta property="og:url" content="https://yverkehrsplanung.de/en/testimonial/mag-thomas-wernbacher/" />
<meta property="og:site_name" content="yverkehrsplanung" />
<meta property="article:modified_time" content="2024-11-28T15:49:54+00:00" />
<meta property="og:image" content="https://yverkehrsplanung.de/wp-content/uploads/2024/10/favicon.png" />
	<meta property="og:image:width" content="512" />
	<meta property="og:image:height" content="512" />
	<meta property="og:image:type" content="image/png" />
<meta name="twitter:card" content="summary_large_image" />
<meta name="twitter:label1" content="Est. reading time" />
	<meta name="twitter:data1" content="1 minute" />
<script type="application/ld+json" class="yoast-schema-graph">{"@context":"https://schema.org","@graph":[{"@type":"WebPage","@id":"https://yverkehrsplanung.de/en/testimonial/mag-thomas-wernbacher/","url":"https://yverkehrsplanung.de/en/testimonial/mag-thomas-wernbacher/","name":"Mag. Thomas Wernbacher | yverkehrsplanung","isPartOf":{"@id":"https://yverkehrsplanung.de/en/#website"},"datePublished":"2024-11-28T04:30:57+00:00","dateModified":"2024-11-28T15:49:54+00:00","description":"Durch die Mobilitätserhebung konnten wir vertiefte Eindrücke zum Mobilitätsverhalten von Studierenden, Mitarbeitenden und extern Vortragenden gewinnen.","breadcrumb":{"@id":"https://yverkehrsplanung.de/en/testimonial/mag-thomas-wernbacher/#breadcrumb"},"inLanguage":"en-US","potentialAction":[{"@type":"ReadAction","target":["https://yverkehrsplanung.de/en/testimonial/mag-thomas-wernbacher/"]}]},{"@type":"BreadcrumbList","@id":"https://yverkehrsplanung.de/en/testimonial/mag-thomas-wernbacher/#breadcrumb","itemListElement":[{"@type":"ListItem","position":1,"name":"Startseite","item":"https://yverkehrsplanung.de/en/startseite-2/"},{"@type":"ListItem","position":2,"name":"Mag. Thomas Wernbacher"}]},{"@type":"WebSite","@id":"https://yverkehrsplanung.de/en/#website","url":"https://yverkehrsplanung.de/en/","name":"yverkehrsplanung","description":"","potentialAction":[{"@type":"SearchAction","target":{"@type":"EntryPoint","urlTemplate":"https://yverkehrsplanung.de/en/?s={search_term_string}"},"query-input":{"@type":"PropertyValueSpecification","valueRequired":true,"valueName":"search_term_string"}}],"inLanguage":"en-US"}]}</script>
<!-- / Yoast SEO plugin. -->

Durch die Mobilitätserhebung konnten wir vertiefte Eindrücke zum Mobilitätsverhalten von Studierenden, Mitarbeitenden und extern Vortragenden gewinnen.
